{"id":8,"date":"2019-03-22T14:26:37","date_gmt":"2019-03-22T14:26:37","guid":{"rendered":"http:\/\/tmp.utmarksressurs.no\/?page_id=2"},"modified":"2019-04-25T12:50:08","modified_gmt":"2019-04-25T11:50:08","slug":"sample-page","status":"publish","type":"page","link":"https:\/\/www.utmarksressurs.no\/?page_id=8","title":{"rendered":"Partnarar"},"content":{"rendered":"\n<p><strong>FLUOR-LUX AS<\/strong><br>Utmarksressurs samarbeider med Fluor-Lux for levering av retningsskilt og tavler til turstiar. Saman har vi nettsida www.turskilt.no. Fluor-Lux AS er ein l\u00f8ysingsorientert samarbeidspartnar innan skilt og dekor, med 50 \u00e5rs erfaring i bransjen. Komplett leverand\u00f8r av skiltsystem og l\u00f8ysingar.<br> <\/p>\n\n\n\n<p><strong>NORSK HJORTESENTER<\/strong><br>Utmarksressurs\n samarbeider med Norsk Hjortesenter p\u00e5 nokre tenester innanfor fagomr\u00e5de\n viltforvaltning. Dette er aldersbestemming av hjortevilt og \nbeitetakseringar.\n\n<\/p>\n\n\n\n<div class=\"wp-block-image\"><figure class=\"aligncenter\"><img loading=\"lazy\" decoding=\"async\" width=\"1024\" height=\"768\" src=\"http:\/\/www.utmarksressurs.no\/wp-content\/uploads\/2019\/04\/Side-5-nede-1024x768.jpg\" alt=\"\" class=\"wp-image-341\" srcset=\"https:\/\/www.utmarksressurs.no\/wp-content\/uploads\/2019\/04\/Side-5-nede-1024x768.jpg 1024w, https:\/\/www.utmarksressurs.no\/wp-content\/uploads\/2019\/04\/Side-5-nede-300x225.jpg 300w, https:\/\/www.utmarksressurs.no\/wp-content\/uploads\/2019\/04\/Side-5-nede-768x576.jpg 768w, https:\/\/www.utmarksressurs.no\/wp-content\/uploads\/2019\/04\/Side-5-nede-640x480.jpg 640w\" sizes=\"auto, (max-width: 1024px) 100vw, 1024px\" \/><\/figure><\/div>\n","protected":false},"excerpt":{"rendered":"<p>FLUOR-LUX ASUtmarksressurs samarbeider med Fluor-Lux for levering av retningsskilt og tavler til turstiar. Saman har vi nettsida www.turskilt.no. Fluor-Lux AS er ein l\u00f8ysingsorientert samarbeidspartnar innan skilt og dekor, med 50 \u00e5rs erfaring i bransjen. Komplett leverand\u00f8r av skiltsystem og l\u00f8ysingar. NORSK HJORTESENTERUtmarksressurs samarbeider med&#8230;<\/p>\n","protected":false},"author":5,"featured_media":0,"parent":0,"menu_order":0,"comment_status":"closed","ping_status":"open","template":"template-full.php","meta":{"footnotes":""},"class_list":["post-8","page","type-page","status-publish","hentry"],"_links":{"self":[{"href":"https:\/\/www.utmarksressurs.no\/index.php?rest_route=\/wp\/v2\/pages\/8","targetHints":{"allow":["GET"]}}],"collection":[{"href":"https:\/\/www.utmarksressurs.no\/index.php?rest_route=\/wp\/v2\/pages"}],"about":[{"href":"https:\/\/www.utmarksressurs.no\/index.php?rest_route=\/wp\/v2\/types\/page"}],"author":[{"embeddable":true,"href":"https:\/\/www.utmarksressurs.no\/index.php?rest_route=\/wp\/v2\/users\/5"}],"replies":[{"embeddable":true,"href":"https:\/\/www.utmarksressurs.no\/index.php?rest_route=%2Fwp%2Fv2%2Fcomments&post=8"}],"version-history":[{"count":5,"href":"https:\/\/www.utmarksressurs.no\/index.php?rest_route=\/wp\/v2\/pages\/8\/revisions"}],"predecessor-version":[{"id":347,"href":"https:\/\/www.utmarksressurs.no\/index.php?rest_route=\/wp\/v2\/pages\/8\/revisions\/347"}],"wp:attachment":[{"href":"https:\/\/www.utmarksressurs.no\/index.php?rest_route=%2Fwp%2Fv2%2Fmedia&parent=8"}],"curies":[{"name":"wp","href":"https:\/\/api.w.org\/{rel}","templated":true}]}}